 tens digit of (-206)/y + (-22)/(-55)?
2
Let b = 4 - -1. Suppose -z - 32 = -b*z. Let o = z - 0. What is the units digit of o?
8
Let a = -78 + 164. What is the tens digit of a?
8
What is the hundreds digit of (84 - -670) + (-8)/1?
7
What is the tens digit of (-1)/19*-6705 - 62/(-589)?
5
Let m(g) = -g**3 - g**2 + 3*g + 5. Let o be m(5). Let n be (o/(-40))/((-1)/(-4)). Suppose -5*w + n = -62. What is the units digit of w?
5
Let y be (4 - 2)/((-3)/(-6)). Suppose 2*p - 5*w - 131 = 0, y*w + 78 = 4*p - 178. Suppose -3*i - p = -153. What is the tens digit of i?
3
Let q(r) = r**3 - 3*r**2 - r + 4. Let v = 11 - 7. Let w be q(v). Let y = w - -8. What is the units digit of y?
4
Let b be 7 - 8 - (1 + -4). Suppose 0 = -b*m + m + 3. Suppose 15 = m*w, -5*x - 5*w = -w - 250. What is the units digit of x?
6
Let y = 5 - 1. Let n be 32 + (54/45)/((-2)/5). Suppose y - n = -q. What is the units digit of q?
5
Let u(r) = r**3 + 26*r**2 + 18*r - 2. Let v(l) = -3*l**3 - 79*l**2 - 54*l + 7. Let t(a) = 7*u(a) + 2*v(a). What is the tens digit of t(-23)?
1
Let d = 5 - -5. Let w be (15/6)/(d/8). Suppose w*f = -2*x + 88 + 20, -f - 5*x + 58 = 0. What is the units digit of f?
3
Let y be ((-2)/4)/(2/(-372)). Let m = 190 - y. Suppose 5*u = m - 17. What is the tens digit of u?
1
Let c be 68/1 - 0*(-5)/(-30). Suppose 2*i - 8 - c = 0. What is the units digit of i?
8
Suppose -2*k = -12*r + 8536, 0*k + 6 = -3*k. What is the units digit of r?
1
Suppose 4*f - 5*f = 2. Let o(v) = 5*v**2 - 2*v - 1. Let d be o(f). Suppose 0 = 2*g - d - 1. What is the units digit of g?
2
Let w(b) = -b**3 - 5*b**2 - 17*b - 16. Let g be w(-6). Let f = g + 113. What is the tens digit of f?
3
Suppose -324 = -2*l + 730. What is the hundreds digit of l?
5
Suppose -72*a + 204 = -68*a. What is the units digit of a?
1
Let k(d) = -3*d - 5. Let m(g) = g + 2. Let i(r) = -6*k(r) - 17*m(r). Let s be i(9). Suppose -5*j + 6 + 20 = 3*c, 4*c + s*j = 33. What is the units digit of c?
7
Suppose -260*a + 253*a = -5208. What is the hundreds digit of a?
7
Let p be 12/10*(-5)/(-2). Suppose -8*h = 63 - 103. Suppose -h*y + 100 = -k + p*k, 3*y + 61 = k. What is the tens digit of k?
5
Let k(n) = 2*n. Let a = 6 + -5. What is the units digit of k(a)?
2
Let a = -59 + 109. Suppose -61 = -a*f + 49*f. What is the units digit of f?
1
Let k(x) = x**3 + 9*x**2 + 9*x - 3. Let w be k(-8). Let s(l) = l + 8. Let f be s(w). What is the tens digit of 2/(-2) - (f - 22)?
2
Let k(s) = 48*s + 255. What is the tens digit of k(23)?
5
Let t(d) = 4*d**2 - 61*d + 43. What is the hundreds digit of t(31)?
9
What is the units digit of 224488/594 - 2/(-27)?
8
Let r be (-2)/5 + (-316)/10. Suppose 316 = -19*g + 1741. Let z = g + r. What is the tens digit of z?
4
Suppose -b - 3*b + 132 = 0. Let h be (12/14)/((-1)/7). Let w = b + h. What is the tens digit of w?
2
Suppose 198 = 5*h + 2*g, 2*g = 4*h - 149 - 13. Let v = h - 16. Suppose 6*t - 2*t = v. What is the units digit of t?
6
What is the tens digit of (-5692)/(-14) - (-24)/(-42)?
0
Let j(g) = g**2 + 3*g - 14. Let b be (-69)/12 + (-2)/8. Let c be j(b). Suppose c*x - 5 = 3. What is the units digit of x?
2
Suppose 1049 = 3*o + 314. What is the units digit of o?
5
Let m = 93 + -90. Suppose m*q - 54 = 4*x - 965, 0 = -5*x - 2*q + 1133. What is the tens digit of x?
2
Let p(s) = s**2 - 9*s + 6. Let x be p(8). Let b be -1 + -2 + 3 + x. What is the tens digit of (0 - b) + (27 - 1)?
2
Suppose -2*f - m = -10 - 5, 0 = -5*m + 25. Suppose 0 = -f*g - 3*i - 191, -4*g - 3*i = -5*g - 31. What is the units digit of (-4 + g)*1/(-1)?
1
What is the units digit of 5 - 6 - (-2 - 1536)?
7
Let x(z) be the second derivative of z**5/20 + z**4 + z**3 - 7*z**2 - 11*z. What is the units digit of x(-11)?
1
Let m(o) = o**3 - 2*o**2 + o - 1. Let x be m(3). Let l(c) = 8*c**2 + 5*c - 5. Let p be l(2). Let f = p - x. What is the units digit of f?
6
Let c = 18 - 19. Let x be (c - -4)/((-2)/(-28)). What is the units digit of (72/x)/((-2)/(-7))?
6
Let v = -82 - -14. Let c = v + 97. What is the tens digit of c?
2
Suppose 4*m = 3*g - 19, -m + 4*m + 18 = 3*g. Suppose 0 = w + 4*v - 16, -3*w + v + 9 = -0*v. Let p = g + w. What is the units digit of p?
9
Let y(v) = v**2 - 13*v + 16. Let a be y(12). Let d be a/22 + 312/(-22). Let q = 0 - d. What is the tens digit of q?
1
Let w(r) be the third derivative of r**5/30 + 5*r**4/8 + r**3 + 13*r**2. What is the units digit of w(-11)?
3
Suppose 6*a = 13*a - 3234. What is the tens digit of a?
6
Let q = -34 + 22. Let k = q - -16. Suppose 0 = -k*t - 35 + 99. What is the units digit of t?
6
Let q(h) = 34*h - 8. Suppose 0 = -2*j + 8, -s - 22 + 3 = -3*j. Let y be q(s). What is the units digit of 4/10 - y/10?
5
Suppose -3*s + 21 = 9. What is the tens digit of 2 + -5 + s - -51?
5
What is the hundreds digit of 18*((-27895)/(-42))/5?
3
Suppose 3*p = -5*y + 18 + 78, -4*p - 3*y + 139 = 0. Let a = 99 - p. What is the tens digit of a?
6
Suppose 0*s + 14 = h - 2*s, 5*s = -h - 21. Suppose m = h*m - 6. Suppose m*l - 44 = -2*t, -5*t + 43 + 67 = -2*l. What is the units digit of t?
2
Suppose 4*o - 19 = 5*a, -3*a - 13 = -o + a. What is the tens digit of 54 - o/(2/(-4) - -1)?
5
Let w(s) = 9*s**2 + 6*s + 15. Let d be w(-3). Let y(c) = 2*c**3 + 2*c - 4. Let p be y(3). Let n = d - p. What is the tens digit of n?
2
Let w(v) = -v**3 + 15*v**2 - 15*v + 19. Let n be w(14). Suppose -n*z + p + 3*p = -718, -3*z + 2*p + 430 = 0. What is the units digit of z?
2
Let s(r) = -r + 8. Let y be s(4). Suppose -y*u = 5*h - 638, -h + 6*h - 647 = -u. What is the hundreds digit of h?
1
Suppose 468 = 5*i - l - 803, 1014 = 4*i + 2*l. What is the units digit of i?
4
Let r(p) = -10*p**3 - 2*p - 2. Let y be r(-1). Suppose -y*l + 4*l = -186. What is the units digit of l?
1
What is the hundreds digit of (-3624)/(-9) - 2/3?
4
Let z = 5 - -1. Let c(k) = -k**3 + 7*k**2 - 6*k - 6. Let b be c(z). Let d(a) = -4*a + 5. What is the units digit of d(b)?
9
Let t = 11 - 36. Let n = t + 36. What is the tens digit of n?
1
Suppose -6*j - 670 = -16*j. What is the units digit of j?
7
Let t = 264 + -217. What is the tens digit of t?
4
Suppose -g = 8 - 4. What is the units digit of g/22 - 340/(-55)?
6
Let p(t) = -2*t + 23*t**2 + 16 - 3*t**3 + 2*t**3 - 46 + 7*t. What is the tens digit of p(23)?
8
Suppose -29 = -3*x - 5*a, -2 = -2*x + a - 0. Let p = 16 - -42. Let n = p - x. What is the units digit of n?
5
Let f(r) = -r**3 + 15*r**2 + 18*r - 21. Let a = 8 + -4. Suppose 5*c - 6*m - 82 = -a*m, -3*c + 47 = m. What is the tens digit of f(c)?
1
Suppose 40*y = 34*y + 144. What is the units digit of y?
4
Let j(k) = k - 6. Let v be j(8). Let u be 1074/24 + v/8. What is the units digit of u/(-6)*(1 + -3)?
5
Suppose 5*f = -b + 1826, 441*f + 4 = 439*f. What is the thousands digit of b?
1
Suppose 4*t = -r + 1889, 4*t - 4*r = -r + 1901. What is the units digit of t?
3
Let t(n) = 3*n. Let z(b) = -6*b. Let x(y) = -11*t(y) - 6*z(y). Let o be x(1). Suppose -155 = -4*u + 3*s, -4*s - s + 80 = o*u. What is the units digit of u?
5
Let g(i) = i + 10. Let v be g(-11). Let j be 2/(v - -3)*3. Suppose -5*w + w = -b + j, 3*b + w - 35 = 0. What is the tens digit of b?
1
Suppose 12*l - 615 = 7*l. What is the tens digit of l?
2
Suppose 30*b - 12 = 34*b, -4619 = -4*a + 5*b. What is the thousands digit of a?
1
Suppose 163659 = 36*l + 22791. What is the hundreds digit of l?
9
Let l be 5 - 1 - (5 - 5). Suppose 0 = -3*o + 3 - 9, 5*o + 70 = l*z. Suppose -15 = -3*v + z. What is the units digit of v?
0
Suppose -4*d - n = -2*n + 8, -5*d + 15 = 5*n. Let v be (d - -1) + 1 + 3. Suppose 213 = -f + v*f. What is the units digit of f?
1
Suppose -5*b = -7*w + 5*w + 3244, 3*w = -4*b + 4889. What is the thousands digit of w?
1
Let h = -1004 - -1800. What is the tens digit of h?
9
Suppose 0 = -2*y + 4 - 8. What is the units digit of 1*y + (144 - 6)?
6
Let y(w) = w**2 - 7*w - 10. Let m be y(8). Let b be -69*m*4/(-24). Let r = 0 - b. What is the units digit of r?
3
Let a = 28 + -53. Let t be (-36)/(-15) - (-10)/a. Suppose 4*k - t = 3*x - 7, -k + 4 = x. What is the units digit of k?
1
Suppose 6*x - 11458 + 2158 = 0. What is the hundreds digit of x?
5
Let l(f) be the third derivative of f**6/120 + f**5/30 - f**4/6 + f**3 - 6*f**2. What is the units digit of l(3)?
9
Let g be 98/4*(-168)/(-98). Suppose -g = -o - 4. What is the tens digit 